d by d.
4
Let j = -1031 + 235. What is the remainder when (-4)/(-6) - j/12 is divided by 23?
21
Let d(z) = -z**3 + 6*z**2 + 6*z - 6. Suppose -4*y - 124 = 12. Calculate the remainder when d(5) is divided by 1/(-2)*1*y.
15
Suppose b - 5 = 3. What is the remainder when 6 is divided by ((-18)/12)/((-3)/b)?
2
Let j(l) = l**2 - l - 2. Let y be j(3). Calculate the remainder when 37 is divided by (76/(-8))/((-2)/y).
18
Let s(z) = 10*z + 3. Calculate the remainder when s(5) is divided by 18.
17
Calculate the remainder when (-6)/8 + (-1131)/(-116) is divided by 3.
0
Suppose 5*t + q = 76, -5*t = 3*q - 133 + 55. Calculate the remainder when 74 is divided by t.
14
Suppose 3*u + 0*u = 12. Suppose -u*o + 24 = y, 5*o = -5*y + 27 + 168. Let d = 88 - y. What is the remainder when d is divided by 23?
21
Suppose 6*q = 4*q + 204. What is the remainder when q is divided by 35?
32
Suppose 2*m + 5*h = 6*m - 23, -5*h = -3*m + 16. Let v = 20 - m. What is the remainder when 23 is divided by v?
10
Suppose -3*c + 0 = -15. Suppose -j = -8 - c. Let a = -5 - -30. What is the remainder when a is divided by j?
12
Suppose 3*c - 50 + 11 = 0. Let n = c + 55. Let j = -33 + n. Calculate the remainder when j is divided by 9.
8
Let h(t) = 5*t**3 + t + 2. Let b be h(-2). Calculate the remainder when 10 is divided by 16/b + (-44)/(-10).
2
Suppose -20*h + 19*h = -13. Calculate the remainder when 25 is divided by h.
12
Let a = 4 + 0. Let u be (-2 - -5)*a/(-6). Let w = u - -10. What is the remainder when 23 is divided by w?
7
Suppose -4*x = -7*x + 21. Let i(n) = n**3 + 5 + 0 + 9*n**2 - 1. What is the remainder when x is divided by i(-9)?
3
Suppose 26*z = 31*z - 25. Let d = 4 + -2. Suppose -16 = -s - d. What is the remainder when s is divided by z?
4
Let k(r) = -r**3 - 8*r**2 + 7*r - 7. What is the remainder when 21 is divided by k(-9)?
10
Suppose -4*f + 13 = -2*z - 23, 0 = f - z - 9. Suppose -6 = 3*h + 2*l + 14, -4*l = 2*h + 8. Let j = -5 - h. Calculate the remainder when f is divided by j.
0
Suppose 2*k = -4*s + 88, k - 5*k + 2*s + 186 = 0. Let c = 4 - -28. Let p = k - c. Calculate the remainder when 41 is divided by p.
13
Let a be 1/6 + 9/(-54). Let o = a + 13. What is the remainder when 24 is divided by o?
11
Let f = -5 - -7. Let r be 0*(f + -3)*-1. Suppose r = -5*z + 39 + 11. What is the remainder when z is divided by 6?
4
Suppose 0 = h + 5*s - 36, -4*h + 110 = -s + 4*s. Calculate the remainder when 48 is divided by h.
22
Suppose 5*g + s - 5*s + 19 = 0, 2*g + 4*s + 30 = 0. Let a = -3 - g. Suppose k - 4*p = a, 0 = 3*p - 5*p + 8. Calculate the remainder when 37 is divided by k.
17
Let l = 6 + 4. Suppose -2*h = 3*h - l. Suppose -h*b + m = -3*m + 2, -m + 6 = 5*b. What is the remainder when 2 is divided by b?
0
Suppose 140*a = 139*a + 193. What is the remainder when a is divided by 66?
61
Suppose 4*n - 19 = 9. What is the remainder when 11 is divided by n?
4
Suppose -2*t = -7*t - 50. Suppose 5*h - 3*h - 70 = 0. Calculate the remainder when h is divided by (-6)/10 + (-126)/t.
11
Suppose -27 = -4*h - 3. Suppose 3*a - 8 = -p, 4*p - 4*a + 2*a = -10. Let b = p - -17. What is the remainder when b is divided by h?
4
Let j = -2 + 21. Calculate the remainder when j is divided by 11.
8
Suppose -3*u = -4*m + 1, 10 = u - 3*u + 5*m. Let r(p) = p**3 - 5*p**2 + 2*p + 3. Let z(k) = 2*k + 5. Calculate the remainder when z(10) is divided by r(u).
12
Let s(f) = -3*f - 2. Let b(l) = -l**3 - 6*l**2 - 7*l - 5. What is the remainder when b(-6) is divided by s(-5)?
11
Let d = 17 - 12. Suppose -3*b = f - 125, -d*f - 154 = -b - 3*b. What is the remainder when b is divided by 21?
20
Let o(v) = v**2 - 5*v - 2. Calculate the remainder when ((-2)/4)/(8/(-96)) is divided by o(6).
2
Suppose 2*l + 832 = 6*l. Suppose -299 = -4*n - 3*k, -2*k = -3*n - k + l. Let x = -37 + 55. What is the remainder when n is divided by x?
17
What is the remainder when (-2)/(4/(-102) - 0) is divided by (-1)/(-11)*2 - (-9088)/352?
25
Let t(j) = j + 8. Calculate the remainder when 57 is divided by t(-4).
1
Suppose -4*k + 2*c + 124 = 0, 3*c = 8*c - 10. Let q = -22 + k. What is the remainder when q is divided by 6?
4
Let t be 166/18 - (-10)/(-45). Suppose -3*u + 39 + t = 0. What is the remainder when 30 is divided by u?
14
Suppose -p + 21 - 3 = 4*k, 0 = -4*k - 2*p + 16. Calculate the remainder when 34 is divided by k.
4
Suppose -5*b + 20 = -0*b, -2*c + 12 = -b. What is the remainder when 14 is divided by c?
6
Let x(y) = 2*y**2 + 8*y - 7. Let n be (-6 + -7)*1/(-1). Suppose -1 = 2*l + n. Calculate the remainder when x(l) is divided by 9.
8
Suppose v - 27 = -2*r, -2*v + 74 = v - r. Suppose -72 = -4*q - 5*k + 19, -q + k + v = 0. Let f = -17 + q. Calculate the remainder when 26 is divided by f.
5
Let v be (0 - 0) + 2/2. Calculate the remainder when 2 - (v - 39/1) is divided by ((-14)/1)/(3/(-3)).
12
Let i(u) = -u**3 - 5*u**2 + 4*u + 6. Suppose 3*g - 9 = 6*g. What is the remainder when g/(-4) - 665/(-20) is divided by i(-6)?
16
Let r(d) = d**2 - d + 13. What is the remainder when r(0) is divided by 6?
1
Suppose 3 - 48 = -5*i. Calculate the remainder when 188 is divided by i.
8
Suppose 44 = -42*b + 46*b. What is the remainder when 83 is divided by b?
6
Suppose i = 2*i - 30. What is the remainder when i is divided by 8?
6
Let q be 1/(-3)*1*-18. Calculate the remainder when 27 is divided by (-56)/(-6) + 4/q.
7
Let d = -84 + 121. Suppose 2*j + 60 = 5*f, -4 = -2*f + 2*j + 26. What is the remainder when d is divided by f?
7
Suppose 2*a - a - 60 = -4*c, 5*a = -3*c + 62. What is the remainder when 109 is divided by c?
11
Suppose p + u = 22, 2*p - 70 = -p - 4*u. Suppose 0 = 3*i - 5*s - 90, -4*s - s + 15 = 0. What is the remainder when i is divided by p?
17
Let z = 63 - 9. Calculate the remainder when z is divided by 8.
6
Suppose -z = 3*z. Suppose -5*n = 3*t - 61, z = 2*n + 2*t - 30 + 4. What is the remainder when 31 is divided by n?
9
Let t(s) = s**2 + 10*s + 12. Let w be t(-9). Suppose -v - w = 0, 5*v = 2*f - f - 64. What is the remainder when f is divided by 13?
10
Let v be 67 + (-4)/(-2) + 1. Suppose -3*y - f = -v, -f - 7 - 23 = -y. Calculate the remainder when y is divided by 9.
7
Let b = 19 + -15. Suppose -u - 3*w + 67 = 0, 4 = u - b*w - 49. Calculate the remainder when u is divided by 21.
19
Suppose 4*n + 12 = 6*n + 4*m, 4*m + 6 = n. What is the remainder when 22 is divided by n?
4
Suppose 3*o = 84 - 0. Suppose 3*k - k - o = 0. Calculate the remainder when k is divided by 5.
4
Suppose -q + 12 = 5*x, -x - 4*q = 5 - 15. Let h = -36 - -18. Let j = h - -22. Calculate the remainder when j is divided by x.
0
Suppose -4*q = -2 + 10. Let m(i) = 3*i**2. Suppose 0 = -5*o - 22 + 137. What is the remainder when o is divided by m(q)?
11
Suppose -p + 225 = 4*p. Suppose 133 - p = 4*z + 4*c, 0 = 4*z + 3*c - 86. Let b = -9 + 16. What is the remainder when z is divided by b?
6
Let m(b) = -b**2 + 9*b - 7. What is the remainder when 63 is divided by m(5)?
11
Let b(z) = -z**3 - 4*z**2 + 7*z + 6. Let i be b(-5). Let a = i + 15. Suppose 86 = 10*d - 114. What is the remainder when d is divided by a?
9
Suppose -3*l + 375 = 4*c, 8*l - 4 = 4*l. Let i be c/(-3) + 0 + 0. Let f = i - -48. Calculate the remainder when 65 is divided by f.
14
Let t(s) = s**2 + 3*s + 1. Suppose 4*c = -8, -2*q - c - 10 = c. What is the remainder when t(q) is divided by 1?
0
Let l be 4 - (2 - 1 - 2). Suppose 4*i - i = n + 6, -3*i + 6 = 4*n. Suppose -6 - 17 = -k + m, n = l*k + 3*m - 131. What is the remainder when k is divided by 13?
12
Let i = -3 + 10. Calculate the remainder when 25 is divided by i.
4
Suppose 0*o + 31 = o. Calculate the remainder when 60 is divided by o.
29
Suppose 4*a - t = 104, a + 4*a - 113 = -3*t. Suppose -70 + a = -o. What is the remainder when o is divided by 12?
9
Let a(r) = r**3 + 5*r**2 - r - 5. Let f be a(-5). Suppose 2*x - 12 + 4 = f. Let l = -1 + x. Calculate the remainder when 8 is divided by l.
2
Suppose 5*q - i - 38 = 3*i, q - 7 = i. Let k be (-6)/9 - (-26)/3. Let l(t) = t**3 - 9*t**2 + 8*t + 6. What is the remainder when q is divided by l(k)?
4
Suppose 3*h + q - 112 = 0, -2*q + 25 + 161 = 5*h. Calculate the remainder when h is divided by 10.
8
Let s(z) be the third derivative of -z**4/8 - z**3 - 8*z**2. What is the remainder when 15 is divided by s(-4)?
3
Let g(c) = c**